or of 420 and 24?
12
Calculate the highest common factor of 8 and 1912.
8
What is the highest common factor of 304 and 1539?
19
What is the highest common factor of 5536 and 32?
32
What is the greatest common factor of 209 and 76?
19
What is the greatest common divisor of 1564 and 69?
23
Calculate the greatest common divisor of 6168 and 24.
24
Calculate the greatest common factor of 105 and 560.
35
What is the greatest common factor of 275 and 1793?
11
Calculate the highest common divisor of 19 and 38000.
19
Calculate the greatest common divisor of 57 and 969.
57
What is the greatest common divisor of 5 and 89?
1
Calculate the highest common divisor of 10752 and 42.
42
Calculate the greatest common divisor of 4825 and 100.
25
Calculate the greatest common factor of 1443 and 390.
39
What is the greatest common factor of 138 and 322?
46
What is the greatest common factor of 17 and 17?
17
What is the highest common factor of 52 and 13?
13
Calculate the greatest common divisor of 230 and 1242.
46
Calculate the highest common factor of 236 and 2950.
118
What is the greatest common divisor of 2646 and 162?
54
Calculate the highest common divisor of 559 and 602.
43
Calculate the highest common factor of 7317 and 27.
27
Calculate the greatest common factor of 119 and 14.
7
Calculate the highest common factor of 2 and 2.
2
Calculate the greatest common factor of 203 and 145.
29
Calculate the greatest common divisor of 2667 and 14.
7
Calculate the highest common factor of 46 and 12926.
46
What is the highest common divisor of 478 and 4?
2
Calculate the greatest common divisor of 168 and 24.
24
Calculate the highest common divisor of 1110 and 210.
30
Calculate the highest common divisor of 901 and 17.
17
What is the highest common factor of 187 and 85?
17
Calculate the greatest common divisor of 14 and 119.
7
What is the greatest common factor of 107 and 2782?
107
Calculate the greatest common factor of 60632 and 424.
424
Calculate the greatest common factor of 15727 and 1.
1
What is the highest common factor of 7400 and 200?
200
What is the highest common divisor of 223 and 4?
1
Calculate the highest common factor of 171 and 1159.
19
What is the greatest common divisor of 258 and 138?
6
What is the greatest common factor of 121 and 11?
11
What is the greatest common factor of 7936 and 155?
31
Calculate the greatest common factor of 408 and 23052.
204
What is the highest common factor of 25 and 25?
25
Calculate the highest common divisor of 61 and 305.
61
Calculate the highest common divisor of 1113 and 63.
21
Calculate the highest common factor of 69 and 575.
23
Calculate the highest common factor of 60 and 2148.
12
Calculate the highest common divisor of 518 and 112.
14
Calculate the highest common divisor of 30 and 70.
10
What is the highest common divisor of 5799 and 6?
3
What is the greatest common divisor of 2272 and 71?
71
What is the greatest common divisor of 783 and 15?
3
Calculate the greatest common divisor of 4607 and 1084.
271
What is the greatest common divisor of 18 and 18?
18
Calculate the greatest common divisor of 2002 and 3432.
286
What is the highest common factor of 143 and 33?
11
What is the highest common divisor of 126 and 980?
14
What is the highest common factor of 2088 and 216?
72
Calculate the greatest common divisor of 28 and 10.
2
What is the greatest common divisor of 108 and 24?
12
Calculate the highest common factor of 350 and 28.
14
What is the highest common factor of 49 and 245?
49
What is the highest common factor of 65 and 195?
65
What is the greatest common divisor of 321 and 12?
3
What is the greatest common factor of 123 and 36?
3
What is the highest common divisor of 258 and 946?
86
Calculate the greatest common divisor of 18 and 450.
18
Calculate the greatest common factor of 90 and 7005.
15
What is the greatest common factor of 2863 and 7?
7
Calculate the highest common divisor of 329 and 423.
47
What is the highest common factor of 155 and 217?
31
Calculate the highest common factor of 380 and 494.
38
What is the highest common divisor of 451 and 41?
41
What is the highest common divisor of 18 and 518?
2
What is the greatest common factor of 11319 and 154?
77
What is the greatest common divisor of 3698 and 2?
2
Calculate the highest common factor of 43 and 1419.
43
Calculate the greatest common factor of 180 and 525.
15
What is the greatest common divisor of 37 and 2?
1
What is the highest common divisor of 24 and 552?
24
What is the greatest common divisor of 89 and 18334?
89
What is the greatest common factor of 12 and 2631?
3
What is the highest common factor of 140 and 490?
70
What is the greatest common divisor of 830 and 10292?
166
Calculate the greatest common factor of 576 and 12.
12
What is the greatest common factor of 91 and 4732?
91
Calculate the highest common divisor of 175 and 4865.
35
Calculate the highest common divisor of 1476 and 820.
164
Calculate the greatest common divisor of 1421 and 116.
29
What is the highest common divisor of 18 and 117?
9
What is the highest common divisor of 1457 and 611?
47
Calculate the greatest common divisor of 60 and 48.
12
What is the highest common divisor of 103 and 14008?
103
What is the greatest common divisor of 15 and 36?
3
What is the greatest common factor of 18 and 117?
9
Calculate the greatest common factor of 1339 and 13.
13
What is the highest common divisor of 53 and 2385?
53
Calculate the greatest common divisor of 1790 and 179.
179
Calculate the greatest common divisor of 112 and 406.
14
What is the greatest common factor of 90 and 18945?
45
What is the greatest common factor of 165 and 180?
15
Calculate the highest common divisor of 132 and 5412.
132
What is the highest common divisor of 12 and 892?
4
Calculate the greatest common divisor of 15 and 147.
3
What is the greatest common factor of 27 and 513?
27
Calculate the highest common divisor of 1121 and 649.
59
What is the highest common divisor of 30 and 60810?
30
What is the highest common divisor of 18 and 981?
9
Calculate the greatest common divisor of 3 and 6.
3
What is the highest common divisor of 13 and 559?
13
What is the highest common factor of 728 and 91?
91
Calculate the greatest common divisor of 10 and 290.
10
Calculate the highest common factor of 88 and 154.
22
Calculate the highest common factor of 80 and 1940.
20
What is the greatest common factor of 737 and 536?
67
What is the greatest common factor of 60 and 390?
30
Calculate the highest common factor of 63 and 1134.
63
What is the greatest common factor of 18895 and 10?
5
What is the highest common divisor of 2231 and 97?
97
Calculate the highest common divisor of 91182 and 182.
182
Calculate the greatest common divisor of 9246 and 268.
134
What is the highest common divisor of 208 and 13?
13
What is the greatest common factor of 5 and 31?
1
Calculate the greatest common divisor of 217 and 7.
7
What is the highest common divisor of 3965 and 39?
13
What is the highest common divisor of 91777 and 49?
49
What is the highest common factor of 80 and 2152?
8
Calculate the highest common factor of 15 and 4785.
15
Calculate the highest common factor of 10 and 160.
10
What is the greatest common divisor of 127 and 1651?
127
What is the highest common divisor of 4352 and 144?
16
Calculate the greatest common factor of 3289 and 26.
13
Calculate the highest common factor of 9 and 192.
3
Calculate the highest common divisor of 99 and 11.
11
Calculate the highest common factor of 144 and 252.
36
Calculate the highest common divisor of 26 and 2015.
13
What is the highest common factor of 230 and 70?
10
Calculate the greatest common divisor of 8 and 5528.
8
What is the highest common factor of 670 and 938?
134
What is the greatest common divisor of 99 and 55?
11
What is the highest common factor of 209 and 475?
19
Calculate the greatest common divisor of 6 and 162.
6
Calculate the highest common divisor of 26 and 9737.
13
Calculate the highest common factor of 375 and 225.
75
What is the greatest common divisor of 8 and 392?
8
Calculate the highest common factor of 14225 and 25.
25
Calculate the highest common divisor of 812 and 29.
29
What is the greatest common divisor of 53 and 5?
1
What is the greatest common factor of 20 and 